its digit of 1/8 - (-20 + 294756/(-224))?
6
Suppose -5*d + w - 19 = -2*d, 2*d + 4*w + 8 = 0. What is the units digit of ((-1274)/(-4) - -2) + (-3)/d?
1
Let k(a) = 17*a**2 - 12*a + 5. Let o be k(-9). Suppose -3836 = -4*v - 3*m, 3305 + o = 5*v + 2*m. What is the hundreds digit of v?
9
Let c be 6/2 + 3829/(-14)*-2. Let n = c + 16. What is the units digit of n?
6
Suppose -19*y - 41688 = -73*y. Suppose -z + 321 = 4*w - 70, -2*z + 2*w = -y. What is the hundreds digit of z?
3
Let i = 520 - 495. Suppose 21812 = i*r + 637. What is the hundreds digit of r?
8
Let y be (-1)/(1630/(-3787) + 123/287). Let o = y - 144. What is the units digit of o?
7
Suppose -d - 4*d - 3*q - 10 = 0, -q + 15 = -2*d. Let i be 0/d + 1 + 12. Let j = 45 - i. What is the units digit of j?
2
What is the tens digit of -1*9805*((-4118)/(-145) - 29)?
8
Let s = 5 - -11. Let q(r) = 2*r - 16. Let l be q(s). Suppose -3*u = -0*w + 2*w - 23, 2*u - l = -w. What is the units digit of u?
9
Suppose 4*a - 2*a + 6 = -2*l, -3*l + 7 = -5*a. What is the tens digit of (-1100)/75*(l + -38)?
7
Let k be -8 + (-28)/(-8 - -6). Suppose 0*y = -y + 220. Suppose -k*b + b = -y. What is the units digit of b?
4
Let i(r) = 230*r**2 - 22*r + 89. What is the thousands digit of i(6)?
8
Suppose -5*w + 16 - 1 = 0. Suppose 0 = w*c + 7 - 19. What is the units digit of c?
4
Suppose 3*n - 12 = 0, 45 - 128 = -x - 5*n. What is the tens digit of (108/x)/(4/1526)?
5
Let l(m) be the second derivative of 11*m**5/20 + m**4/12 + 2*m**3/3 - 17*m**2/2 + 124*m. What is the hundreds digit of l(5)?
4
Let b = -15557 + 24813. Suppose 20*w - 7124 - b = 0. What is the hundreds digit of w?
8
Suppose -27*p + 3*t = -22*p - 1808, 2*p + 3*t - 719 = 0. What is the hundreds digit of p?
3
Let g = 7548 - -2500. What is the tens digit of g?
4
Let q be 3 + 22548 + 0/3. Suppose 3*j = -2*j + h - 22563, 3*h = -5*j - q. What is the hundreds digit of (-8)/(-14) - j/42?
1
Let c(h) = -9*h**3 - 38*h**2 - 12*h + 19. What is the hundreds digit of c(-7)?
3
What is the thousands digit of ((14/63)/(8/342))/(1/2352)?
2
Let x = -3 + -12. Let u be (x*5/(-10))/((-1)/2). Let m = u + 58. What is the units digit of m?
3
Let s(t) = -t**3 + 36*t**2 + 30*t - 36. Let l be s(36). Suppose -2*k + 600 + 419 = 3*c, -l = -2*k + 2*c. What is the tens digit of k?
1
Suppose f - 3*j - 34 = 0, 0*f + j - 75 = -2*f. Let h = f + -33. Suppose n + h*w = 213, -5*n + w - 548 = -1550. What is the tens digit of n?
0
Suppose 20*a - 96840 = -4*a. What is the thousands digit of a?
4
Let f(h) = -h**3 - 11*h**2 - 7*h + 35. Let s be f(-10). Suppose -1914 = -s*b + 1506. What is the tens digit of b?
8
Let k(m) = -4*m + 42. Let f be k(10). Let r be (-1)/f - (-3)/24*-244. Let i = 135 + r. What is the units digit of i?
4
Let o = -27994 - -74139. What is the ten thousands digit of o?
4
Suppose -5*c + 173 = 3*r, c + 2*c + 2*r - 103 = 0. Suppose 4*m - 113 = -c. What is the units digit of m?
9
Suppose 91*m - 87*m - 8 = 0. Let z(p) = 41*p - 13. What is the tens digit of z(m)?
6
Let z be -1 + 1 - 171*1. Let n(x) = -10*x + 37. Let r be n(12). Let u = r - z. What is the tens digit of u?
8
Let v(i) = -3*i**3 - 21*i**2 + 7*i + 10. Let k be v(-11). Let m = k - 959. What is the hundreds digit of m?
4
Let i(z) = 100*z**3 + 6*z**2 - 13*z + 81. What is the units digit of i(5)?
6
Suppose 8*r - 28814 = 21578. What is the hundreds digit of r?
2
Let j(s) = 320*s + 1. Let h be j(3). Suppose -n + h = 3*k, -4*n + 3213 = 2*k - 581. What is the units digit of n?
6
Let g be -13 + 9 + 1*11. Let i be (72/21)/6*g/2. Suppose 0 = -4*o - 4*c + 268, -2*o + i*c + 35 = -79. What is the tens digit of o?
6
Suppose 6628*w - 6616*w - 75518 = 250918. What is the ten thousands digit of w?
2
Let s(t) = -174*t + 177. Let q be s(-6). Suppose 4*y = a + q, 11*a - 15*a - 1212 = -4*y. What is the units digit of y?
6
What is the hundreds digit of 44/(-8)*(-19188)/18?
8
Let s = 26737 + -12502. What is the hundreds digit of s?
2
Let k(j) = 10*j**3 - 3*j**2 + 5*j. Let t = 29 + -29. Suppose -l + 2 = -t*l. What is the units digit of k(l)?
8
Suppose -o + 6059 = 6*y, -4*y + 9981 = 3*o - 8238. What is the hundreds digit of o?
0
Let v be (-4 + 4)/2 - -2364. Let s = v - 1354. What is the hundreds digit of s?
0
Let u = -122 + 127. Suppose -u*a = -5*d + 4*d - 722, -a + 4*d = -133. What is the hundreds digit of a?
1
Suppose -8489 = -3*i - f + 20284, 0 = -4*i - 3*f + 38354. What is the units digit of i?
3
Let y(x) = x + 9. Let h be y(-4). Suppose 261 = k + 2*l - 224, 969 = 2*k + h*l. What is the tens digit of k?
8
Let r(l) be the first derivative of 2*l**3/3 - 3*l**2 - 5*l + 17. Let o be r(-1). Suppose 0 = 5*u + 20, z + z + o*u = 36. What is the tens digit of z?
2
Let r = -694 - -2010. Suppose -2*h - 2*h = 2*v - r, -5*v - 4*h + 3314 = 0. What is the hundreds digit of v?
6
Suppose -11*z + 10*z - 162 = 0. Let a be (-331)/9 + 36/z. Let f = 125 + a. What is the tens digit of f?
8
Let u(x) = 39*x - 61. Let w be u(5). Suppose -4*z = 2*t - 128 - w, -3*z + 396 = 3*t. What is the units digit of t?
3
Let a(s) = -130*s**3 + s**2 + 6*s - 5. Let q be a(1). Let w = q - -132. Suppose w*c + 4*l = 7*l + 800, -2*c + 3*l + 406 = 0. What is the units digit of c?
7
Suppose -2*y = -0*i - 2*i + 12, -5*y - 4*i = -15. What is the hundreds digit of (136 + 0)/((-14)/(-10) + y)?
3
What is the tens digit of (-8)/(-7) + (31 - (-1872060)/42)?
0
What is the tens digit of (-192)/(-60) - 614663/(-35)?
6
Let z be 21/(-6)*(-7224)/147. Let y = z - -48. What is the hundreds digit of y?
2
Let m = 26 - 11. Suppose 6*n - n = m. Suppose 97 = n*l + 1. What is the tens digit of l?
3
What is the units digit of (727 - (1 - 1) - 3)/((-60)/(-2160))?
4
Let y = 198 + -195. Suppose 0 = 2*g + 3*a - 553, -y*g = -8*g - a + 1402. What is the tens digit of g?
8
Suppose -644 = -11*f + 1424. Suppose 9*n - 217 - f = 0. What is the tens digit of n?
4
Suppose 9*d = 11*d - 18. Let z(o) = 3*o**2 + 6*o + 7. Let h be z(d). Suppose 0*y - 526 = -5*l + 3*y, 3*l = -4*y + h. What is the units digit of l?
4
Let a(r) = r**3 - 5*r**2 + r + 3. Let j be a(0). Let l(m) = 39*m**3 - 2*m**2 - 11*m + 40. What is the thousands digit of l(j)?
1
Let d be -15*8/(-20) - (0 + 6). Suppose 5*t + 2*l - 7560 = 0, 0 = -4*l - d*l - 20. What is the tens digit of t?
1
Suppose t - 31 = -2*t + 4*u, u = 3*t - 37. Let d = t - 40. Let c = 23 - d. What is the tens digit of c?
5
Let x(s) = -s**3 + 6*s**2 - 5*s - 1. Let r(y) = -y**3 - 12*y**2 - 2*y - 17. Let h be r(-12). Let f(p) = p - 3. Let n be f(h). What is the units digit of x(n)?
1
What is the tens digit of 8823 - ((-5 - 12) + 18)?
2
Let f(b) = -107*b - 57. Let u be f(5). Let q = u - -833. What is the units digit of q?
1
Let q(y) = -4*y**3 - 2*y**2 - 2*y + 59. Let b be q(0). Suppose -233*a + b = -232*a. What is the units digit of a?
9
Suppose -127*x - 675296 + 1438258 = -1215063. What is the tens digit of x?
7
Let j(f) = f**3 + 2*f**2 + 7*f + 595. Let u be j(0). Let g = u - -708. What is the units digit of g?
3
Suppose 3*i = 5*i + 3*w - 989, -5*w + 983 = 2*i. What is the units digit of i?
9
Let f = -104 + 11. Let j = 254 + f. What is the units digit of j?
1
Suppose -6 = -l + 2*h, 0*l - 12 = -5*l + h. What is the hundreds digit of l*3/(-6)*-367?
3
Let c = -1856 - -7623. What is the thousands digit of c?
5
Suppose 33*o + 11*o - 44 = 0. What is the hundreds digit of (310 - o) + (17 - 12)?
3
Let f = 548 - -7848. What is the units digit of f?
6
Let c(f) = -4*f - 29. Let n be 465/60 + (-3)/4. Suppose -n = 4*v + 49. What is the units digit of c(v)?
7
Let n be -3 + (-3)/((-6)/194). Suppose n = 2*g + 96. What is the units digit of g/((2/458)/(-1))?
9
Suppose 0 = -2*v - 7 + 1, 3*g + 3*v - 60 = 0. Suppose g*o - 5 = 22*o. Suppose o*a - 175 - 535 = 0. What is the tens digit of a?
4
Suppose -10*o - 6*o = -3600. Let d = o + 54. What is the hundreds digit of d?
2
Suppose 5*g + 241 = 2*p - 202, 3*g = -5*p + 1185. Suppose -9*m + 473 = 2*h - 10*m, -h = -m - p. What is the hundreds digit of h?
2
Let m = -2034 - -3031. Suppose m = 2*o - j, 2*o - 3*j = 4*o - 977. What is the tens digit of o?
9
Suppose -109*r = -8722964 + 909299. What is the units digit of r?
5
Suppose -195 = 2*a - 221. Suppose -a*b = 1156 - 11062. What is the hundreds digit of b?
7
What is the units digit of ((-14)/(-63) - 33/(-216)) + (-339624)/(-64)?
7
Sup